the remainder when 16375 is divided by 78?
73
Calculate the remainder when 111357 is divided by 482.
15
Calculate the remainder when 487171 is divided by 7.
6
Calculate the remainder when 6853 is divided by 245.
238
Calculate the remainder when 9793 is divided by 3250.
43
Calculate the remainder when 6921 is divided by 141.
12
Calculate the remainder when 10285 is divided by 1712.
13
What is the remainder when 1875 is divided by 625?
0
What is the remainder when 11403 is divided by 2845?
23
What is the remainder when 1388593 is divided by 22?
19
What is the remainder when 445584 is divided by 247?
243
What is the remainder when 586223 is divided by 466?
461
Calculate the remainder when 28064 is divided by 1478.
1460
What is the remainder when 11163 is divided by 32?
27
Calculate the remainder when 63333 is divided by 265.
263
What is the remainder when 2102304 is divided by 83?
80
Calculate the remainder when 89554 is divided by 323.
83
What is the remainder when 1790 is divided by 1750?
40
Calculate the remainder when 3378297 is divided by 10.
7
What is the remainder when 444604 is divided by 81?
76
What is the remainder when 3723 is divided by 483?
342
Calculate the remainder when 1113 is divided by 124.
121
What is the remainder when 562024 is divided by 19380?
4
What is the remainder when 4529 is divided by 1497?
38
What is the remainder when 1280 is divided by 649?
631
What is the remainder when 379101 is divided by 218?
217
Calculate the remainder when 159740 is divided by 137.
135
What is the remainder when 5271 is divided by 220?
211
What is the remainder when 13834 is divided by 601?
11
What is the remainder when 55638 is divided by 37?
27
What is the remainder when 711709 is divided by 231?
229
What is the remainder when 1706959 is divided by 1719?
1711
Calculate the remainder when 47211 is divided by 242.
21
What is the remainder when 1061354 is divided by 15?
14
Calculate the remainder when 124544 is divided by 107.
103
Calculate the remainder when 20299 is divided by 338.
19
Calculate the remainder when 93551 is divided by 98.
59
Calculate the remainder when 70095 is divided by 35035.
25
Calculate the remainder when 120348 is divided by 11.
8
Calculate the remainder when 4695 is divided by 673.
657
What is the remainder when 6139 is divided by 20?
19
Calculate the remainder when 3068047 is divided by 430.
427
What is the remainder when 254156 is divided by 120?
116
What is the remainder when 17323 is divided by 5410?
1093
Calculate the remainder when 2475 is divided by 243.
45
Calculate the remainder when 15789 is divided by 526.
9
Calculate the remainder when 2139 is divided by 531.
15
What is the remainder when 30349 is divided by 201?
199
What is the remainder when 720 is divided by 14?
6
What is the remainder when 4188 is divided by 1378?
54
Calculate the remainder when 269564 is divided by 11.
9
What is the remainder when 6297 is divided by 6147?
150
Calculate the remainder when 37051 is divided by 191.
188
What is the remainder when 1537 is divided by 292?
77
Calculate the remainder when 84411 is divided by 33.
30
Calculate the remainder when 1196 is divided by 226.
66
Calculate the remainder when 43229 is divided by 14406.
11
What is the remainder when 2264 is divided by 172?
28
What is the remainder when 74142 is divided by 566?
562
What is the remainder when 1552 is divided by 744?
64
Calculate the remainder when 203252 is divided by 238.
0
What is the remainder when 254241 is divided by 7944?
33
Calculate the remainder when 29737 is divided by 28.
1
What is the remainder when 1215760 is divided by 231?
7
Calculate the remainder when 71621 is divided by 36.
17
What is the remainder when 12922 is divided by 2583?
7
Calculate the remainder when 115065 is divided by 282.
9
What is the remainder when 1849 is divided by 54?
13
What is the remainder when 14822 is divided by 1426?
562
Calculate the remainder when 5947 is divided by 166.
137
Calculate the remainder when 409694 is divided by 992.
990
Calculate the remainder when 3335 is divided by 48.
23
What is the remainder when 503051 is divided by 1227?
1208
What is the remainder when 7047 is divided by 21?
12
Calculate the remainder when 76050 is divided by 303.
300
What is the remainder when 1559102 is divided by 544?
542
Calculate the remainder when 502 is divided by 96.
22
Calculate the remainder when 123990 is divided by 137.
5
Calculate the remainder when 11829 is divided by 536.
37
What is the remainder when 11324 is divided by 25?
24
What is the remainder when 34739 is divided by 645?
554
What is the remainder when 958895 is divided by 144?
143
What is the remainder when 471 is divided by 328?
143
Calculate the remainder when 2326 is divided by 19.
8
Calculate the remainder when 2140 is divided by 305.
5
Calculate the remainder when 296 is divided by 48.
8
Calculate the remainder when 917 is divided by 147.
35
Calculate the remainder when 19930 is divided by 178.
172
Calculate the remainder when 1060 is divided by 470.
120
Calculate the remainder when 29714 is divided by 13.
9
What is the remainder when 19893 is divided by 238?
139
Calculate the remainder when 4927 is divided by 574.
335
Calculate the remainder when 13188 is divided by 6482.
224
What is the remainder when 3867748 is divided by 375?
373
What is the remainder when 396 is divided by 37?
26
What is the remainder when 29474 is divided by 427?
11
Calculate the remainder when 381821 is divided by 129.
110
Calculate the remainder when 46370 is divided by 5794.
18
Calculate the remainder when 24404 is divided by 8130.
14
Calculate the remainder when 259345 is divided by 87.
85
Calculate the remainder when 1544 is divided by 150.
44
What is the remainder when 458529 is divided by 3919?
6
What is the remainder when 22714 is divided by 11?
10
What is the remainder when 3739 is divided by 1863?
13
Calculate the remainder when 5027 is divided by 1484.
575
What is the remainder when 168964 is divided by 707?
698
Calculate the remainder when 22305 is divided by 177.
3
Calculate the remainder when 18432 is divided by 297.
18
Calculate the remainder when 50 is divided by 24.
2
What is the remainder when 1209 is divided by 113?
79
Calculate the remainder when 7177 is divided by 2374.
55
Calculate the remainder when 457 is divided by 46.
43
Calculate the remainder when 1033 is divided by 55.
43
What is the remainder when 20766 is divided by 23?
20
What is the remainder when 2426 is divided by 37?
21
What is the remainder when 86337 is divided by 12?
9
Calculate the remainder when 9227 is divided by 76.
31
What is the remainder when 454627 is divided by 151541?
4
What is the remainder when 7066 is divided by 76?
74
What is the remainder when 18030 is divided by 6010?
0
What is the remainder when 10086 is divided by 194?
192
Calculate the remainder when 139259 is divided by 144.
11
What is the remainder when 60504 is divided by 83?
80
Calculate the remainder when 1535 is divided by 16.
15
Calculate the remainder when 17165 is divided by 2858.
17
What is the remainder when 96 is divided by 82?
14
What is the remainder when 21812 is divided by 389?
28
Calculate the remainder when 7237 is divided by 1204.
13
What is the remainder when 1926 is divided by 53?
18
Calculate the remainder when 322 is divided by 56.
42
What is the remainder when 387340 is divided by 379?
2
Calculate the remainder when 10186 is divided by 23.
20
Calculate the remainder when 85079 is divided by 237.
233
What is the remainder when 157056 is divided by 52331?
63
What is the remainder when 3851 is divided by 786?
707
Calculate the remainder when 73898 is divided by 9.
8
What is the remainder when 41247 is divided by 33?
30
Calculate the remainder when 170 is divided by 78.
14
What is the remainder when 11794 is divided by 1385?
714
Calculate the remainder when 3130 is divided by 460.
370
What is the remainder when 2088 is divided by 15?
3
What is the remainder when 7277 is divided by 1068?
869
What is the remainder when 2928 is divided by 220?
68
What is the remainder when 276216 is divided by 2511?
6
Calculate the remainder when 276414 is divided by 7.
5
Calculate the remainder when 1575 is divided by 110.
35
What is the remainder when 5678 is divi